z + 5*i, -4*z = -2*i - k. What is the units digit of z?
2
Suppose -127 - 61 = -4*a. What is the units digit of a?
7
Suppose -2*u = -5*u + 12. Let t(h) = h**2 + 3*h + 3*h - u*h. What is the units digit of t(-4)?
8
Suppose 0 = 12*m - 8*m - 620. What is the hundreds digit of m?
1
Let c = 48 + -32. What is the units digit of c?
6
Let i(n) = -6 - n**3 + 7 + 4 - 6*n**2. What is the units digit of i(-6)?
5
Let u(m) = m**3 - 3*m + 4. Let y be u(-4). Let s = y - -77. What is the units digit of s?
9
Let j = -12 + 51. What is the units digit of j?
9
Suppose 36 = 2*c + 5*t, 4*c - 51 - 51 = 5*t. What is the tens digit of c?
2
Suppose g = 2*f + 81, 0*g + 2*g = 3*f + 160. What is the units digit of g?
7
Suppose -3*i - 375 = -5*k, 161 = 2*k + 4*i - 15. What is the tens digit of k?
7
Let v = 6 - 1. Suppose v*r - 6 = 2*r. Suppose 4*x - r = 14. What is the units digit of x?
4
Let p = 4 - -11. What is the tens digit of p?
1
Let r = -4 - -2. Suppose 4*p + 5*f - 626 = 0, -3*f - 111 = 5*p - 900. What is the units digit of p/12 - r/(-8)?
3
Suppose -290 = -2*p + 5*y, -5*p + 507 + 284 = 4*y. What is the hundreds digit of p?
1
Let i be ((-2)/4)/(3/42). Let d = -10 - i. Let b(q) = q**2 + q + 4. What is the tens digit of b(d)?
1
Let k be -14 + (-1 - (5 + -3)). Let r = -14 - k. What is the units digit of r?
3
Let h = -34 + 53. What is the tens digit of h?
1
Let d(m) = -m + 1. Let q(u) = 2*u - 13. Let s(c) = 3*d(c) + q(c). Let l be s(-10). Suppose a - 17 = -l*a. What is the tens digit of a?
1
Suppose -4*m + 30 = 2*u, -2*u + 2*m + 19 = -11. Suppose -3*k + w - 5*w + u = 0, 3*k - 3*w - 15 = 0. What is the units digit of k?
5
Let c = -606 + 959. What is the hundreds digit of c?
3
Suppose z - 9 + 3 = -g, -z + 9 = 2*g. Suppose -g*q = 13 - 34. What is the units digit of q?
7
Let f(q) = 4*q - 11. Let v(y) = -2*y + 5. Let b(c) = -2*f(c) - 5*v(c). What is the units digit of b(5)?
7
What is the units digit of 87/(-2)*(-9 - -7)?
7
What is the tens digit of ((-456)/(-4))/(-2 + 4)?
5
Suppose 2*h - 380 = -3*h. What is the tens digit of h?
7
Let c(y) = 2*y - 5. Let w be c(5). Suppose -t + w*t - 80 = 0. What is the units digit of t?
0
Let q be (-1)/2 + 35/10. Suppose 6 + q = 3*d. What is the units digit of d?
3
Suppose -3*y + 4*v + 29 = 0, -5*v - 22 = y - 0*v. Suppose y + 12 = 5*d. What is the units digit of d?
3
Let s be (3/2 + (-195)/50)*-5. Suppose 0 = 4*d - 0*d - 88. Let a = d - s. What is the units digit of a?
0
Let m be (4 + -10)/(1 - -1). What is the units digit of 1 + -1 - -5 - m?
8
Suppose 0 = p - 2, -5*h = -3*h + p - 14. Let c(y) = -y**2 + 6*y + 2. What is the units digit of c(h)?
2
Let b be (0 - (-1 + 0)) + -1. Suppose 3*p + 2*p - 60 = b. What is the units digit of p?
2
Suppose -3*d + 20 + 10 = 0. Let x = -6 + d. Let g = 2 + x. What is the units digit of g?
6
Let g(f) = f + 9. Let x be g(-4). Let k(v) = -v**3 + 4*v**2 + 7*v - 6. What is the units digit of k(x)?
4
Let p(t) = -5*t + 8. Let n(x) = -5*x + 7. Let l(b) = 7*n(b) - 6*p(b). Let i be l(-3). Let q = 23 - i. What is the units digit of q?
7
Let c(x) = -x**3 + 17*x**2 - 18*x - 5. What is the tens digit of c(15)?
7
Let u(f) = -6*f + 16. Let l be u(-12). Suppose 0*x = -4*x + l. What is the tens digit of x?
2
Let u(d) = d + 12. Let n be u(-7). Suppose n*a = -m + 27, 3*m = a + 3*a - 14. Suppose -4 = -m*t - 2*t. What is the units digit of t?
1
Let o(v) = -2*v + 12. What is the units digit of o(-9)?
0
Let y(w) = -w**2 + 4*w - 2. Let t = 9 + -6. What is the units digit of y(t)?
1
Let x be 0/((3 - 2) + -2). Suppose -6*d = -2*d - 5*s - 64, 4*s = x. What is the tens digit of d?
1
What is the tens digit of (-42)/((4 - 7) + 2)?
4
Let j be (5 - 6) + 1*2. Let d = 1 + j. Suppose 0 = -4*h + 6 + d. What is the units digit of h?
2
Let s(h) = -5*h + 5. Let t(q) = -14*q + 15. Let g(y) = 8*s(y) - 3*t(y). Let p be 2/6*(1 + 14). What is the units digit of g(p)?
5
Let t(n) = 3*n - 3*n - 3*n + 8*n + 1. Let v be t(1). Suppose c - 8 = 5*c, -3*c = 3*f - v. What is the units digit of f?
4
Suppose 0 = -4*h - x + 527 + 285, 5*x = -3*h + 609. What is the tens digit of h?
0
Suppose b - 4*m + 6 = -4*b, b - 3*m = 1. Let z be -2*(3 - 2)*b. Suppose 35 = 9*n - z*n. What is the units digit of n?
7
Suppose 4*a + 1 = -y + 6, -3*a = -y + 5. Suppose -6*u + u = 2*x - 9, -u + 18 = -y*x. Suppose -u = -c + 4. What is the units digit of c?
7
Let a(p) = 2*p + 2. Let z be a(5). What is the units digit of 1/(1 - z/14)?
7
Let g(f) = -f + 5. Let o be g(6). Let h = o + -1. What is the units digit of ((-8)/10)/(h/5)?
2
Let k(v) = v**3 + 10*v**2 + 3*v - 7. Let s(j) = -j**3 + 2*j**2 + 5*j + 3. Let h be s(4). What is the units digit of k(h)?
7
Suppose 6 = j - 0. Suppose j = -0*i + 2*i. Suppose -i*a = c - 2, -5*c + 10 = -a + 6*a. What is the units digit of c?
2
What is the tens digit of 18/(-12) + 86/4?
2
Let p(m) = -m**3 - 8*m**2 - 2*m + 8. Let o be p(-8). Suppose 3*w = -4*r + 26, -w - o = -3*w - 4*r. What is the units digit of w?
2
Suppose -4*n + 9*n - 75 = 0. What is the units digit of n?
5
Let o be (-19)/57 - (-154)/(-6). Let z = 66 + o. What is the tens digit of z?
4
Let u(z) = 0*z + z - 6 + 15. Let t be u(0). Let x(s) = s - 5. What is the units digit of x(t)?
4
Let s be (-1 - 2) + 2 - -26. Suppose 7*p - s = 2*p. What is the units digit of p?
5
Let j(w) = w**2 + w - 7. Suppose 3*f = -0 - 15. What is the units digit of j(f)?
3
Suppose -2*d - 3*z - 14 = -51, 2*z = 2*d - 62. What is the units digit of d?
6
Let h be (-62)/(-2) - 4/(-4). Let a be (-63)/(-36)*2*2. Suppose 4*c + 2*f = 66, -a = -2*c - 3*f + h. What is the units digit of c?
5
Suppose 2*q - 4*q = -36. Suppose l + 2*l = -24. Let u = l + q. What is the tens digit of u?
1
Suppose -3*l + 11 = 5*g, 5*g + 2*l + 2*l - 8 = 0. Suppose 3*d - 17 = -g*c, -28 = -5*d - c + 6. What is the units digit of d?
7
Suppose 1 = 5*g - 9. Suppose -2*b = u + 18, -3*b + g*b = u + 9. What is the units digit of ((-6)/b)/((-3)/(-27))?
6
Let r(b) = -b - 3*b + 4 + 3*b - 7. What is the units digit of r(-4)?
1
Suppose 0*a = -4*a + 36. Let n = a - 5. Suppose -9 = 3*t, 0*l + 2*t + 46 = n*l. What is the tens digit of l?
1
Suppose 0 = -3*r - 6, 2*z + 0*z = 4*r + 96. Suppose 2*y - 162 = -3*y - 3*k, 2*y - z = 4*k. What is the units digit of y?
0
Suppose -2*r = -0*r - 2*d - 464, 2*r = -2*d + 460. What is the hundreds digit of r?
2
Let w be (78/(-4))/(6/(-8)). Suppose -2*v + 2 = -w. What is the units digit of v?
4
Let x(o) = 66*o + 2. What is the hundreds digit of x(2)?
1
Suppose 2*a - 4*y - 14 = 0, 2*y - 19 = -4*a + y. What is the units digit of a?
5
Suppose -y + 5 + 35 = 0. Suppose y + 84 = 4*r. What is the units digit of r?
1
Let j(i) be the first derivative of -i**2/2 + 2*i + 1. Suppose y - 3 + 4 = -4*v, 4*y + 4*v = -16. What is the units digit of j(y)?
7
Suppose 3 = 2*r + 5*s, 5*r + 5*s - 3 = 12. Let u(f) = 7*f**2 + 2 - r + 10*f + 0*f**3 - f**3 + 0*f**3. What is the units digit of u(8)?
4
Let r(t) = -t**2 - 9*t - 2. What is the tens digit of r(-4)?
1
Suppose 4*k = 16, o - 6*o + 455 = -5*k. What is the units digit of o?
5
Suppose 0*k + k = 24. What is the tens digit of 3/2*-2 + k?
2
Suppose 0 = -5*v + 5*d - 0*d - 70, -4*d = 4*v + 88. Let n(w) = 3*w**3 - 2*w**2 + 1. Let p be n(-1). What is the units digit of (4/3)/(p/v)?
6
Let f(h) = -h**3 - 28*h**2 + 16*h - 77. What is the hundreds digit of f(-29)?
3
Let q(t) = t**3 + 4*t**2 - 3*t - 2. Let i = 11 - 15. Let u be q(i). Suppose -5*a + u = 5*z, a + 6 = 1. What is the units digit of z?
7
Let w(s) = 3*s - 17. What is the units digit of w(12)?
9
Let k(g) = -2*g + 7. Let a be k(-8). Let p = 37 - a. What is the units digit of p?
4
Suppose -o - 15 = -4*o. Let m = -16 + 23. Suppose -38 = -o*k + m. What is the units digit of k?
9
Let a be (4/(-3))/(2/6). Let l = 6 + a. What is the units digit of l?
2
Let l(i) = 0*i**2 + 0*i**2 - 4 + 0*i + 12*i - i**2. What is the units digit of l(9)?
3
What is the units digit of (-159)/(-3)*(3 + -2)?
3
Suppose -m = -4*x - 9, -12 = -2*x - 2. What is the units digit of m?
9
Let k = 14 + 13. Suppose -58 = -5*o - 2*c, k = 5*o + c - 32. What is the units digit of o?
2
Let c(w) = -2*w. Let q be c(-1). Let t be (-1 - q)/1*4. What is the units digit of (t/(-15))/(4/30)?
6
Let r(v) = 2*v + 6. Let m be r(-4). What is the tens digit of 26 - (m + (4 - -1))?
2
Let w(i) = i**2. Let d(n) = n**3 - 4